Calculate the remainder when 27 is divided by h(3).
7
Suppose 4*y - 27 + 4 = 5*b, 2*y - b = 7. Suppose -y*g - 3*g + 75 = 0. Suppose -4*p - 8 = -0*p, 5*j - 143 = -p. What is the remainder when j is divided by g?
14
Let a(c) = 7*c - 1. What is the remainder when a(6) is divided by 14?
13
Suppose 2*k - 44 = -2*k. Let i = 4 - 0. Calculate the remainder when k is divided by i.
3
Let p(n) = -36*n**3 + 1 + 31*n**2 - 31*n**2 + n. Let o = -2 - -1. Calculate the remainder when p(o) is divided by 19.
17
Suppose -o = -0*o - 1. Let i = 13 + o. Suppose -2*z - 81 = -5*z. What is the remainder when z is divided by i?
13
Let c(g) = 21*g**2 + 3*g + 2. Suppose 0*m - 4*b = -m - 5, 0 = -m - 4*b + 3. What is the remainder when c(m) is divided by 11?
9
Let l = 8 - 11. Let y = l + 14. Suppose 2*n - n = 20. What is the remainder when n is divided by y?
9
Let y be -3 - (-1)/((-1)/(-8)). Suppose y*b - 11 - 14 = 0. Calculate the remainder when 13 is divided by b.
3
What is the remainder when 19 is divided by 45/(-12)*8/(-6)?
4
Let y(k) = -3*k + 1. Let s be 1*(2 + -4) - 1. Calculate the remainder when 19 is divided by y(s).
9
Let c(i) be the second derivative of 2*i - 1/12*i**4 + 11/6*i**3 + 0 - 2*i**2. Calculate the remainder when c(5) is divided by 7.
5
Let h(n) = -2*n**3 - 4*n**2 - 2*n + 1. Suppose -4*z = z + 4*l + 3, 2*l - 18 = 4*z. What is the remainder when h(-2) is divided by (1 + 2)*(-2)/z?
1
Let c be -1*3/6*0. Suppose c = 5*y - 3*y - 62. What is the remainder when y is divided by 11?
9
Calculate the remainder when 65 is divided by 117/7 + 1 + (-2)/(-7).
11
What is the remainder when (-2)/7 - 204/(-28) is divided by 3?
1
Let q(l) = -l**2 - 2*l + 4. Let y be q(-3). Suppose 2*a - w = 2*w - y, 2*w = -3*a + 18. Calculate the remainder when 7 is divided by a.
3
Suppose -6 = -2*c + 5*o - 4*o, 3*o + 3 = c. Let j(w) = -w**2 - 4*w + 2. What is the remainder when (-2)/(c/(0 + -6)) is divided by j(-4)?
0
Calculate the remainder when (-9)/(-2)*78/9 is divided by 14.
11
Let i = 0 - 1. Let y = i - -8. Suppose 3*g - 48 = -g. What is the remainder when g is divided by y?
5
Let a be -1 + -2 - (-84)/4. Let p = 12 - a. Let j(s) = -s**2 - 10*s. What is the remainder when j(p) is divided by 13?
11
Suppose 170 = 12*g - 2*g. What is the remainder when g is divided by 10?
7
Let h = 3 - -15. Let c be (-20)/(-2) - (-3 + 5). Calculate the remainder when h is divided by (-4)/c - (-22)/4.
3
Suppose 2*v - 4*d = 180, -5*d + 274 = 4*v - 73. What is the remainder when v is divided by 23?
19
Suppose -25 = 3*d + 2*d, 0 = 5*l + 5*d + 25. Suppose -24 = -3*q - 2*y, 4*q + y + l*y = 27. Calculate the remainder when (0 + (-3)/q)*-26 is divided by 5.
3
Let s = 14 - 3. Suppose 4*i + z = 60 + 19, 0 = -4*i - 3*z + 69. Calculate the remainder when i is divided by s.
10
Let j = -50 - -115. What is the remainder when j is divided by (-256)/(-12) - 2/(-3)?
21
Let w = -2 + 23. Suppose 0 = -4*m + 2*t, -2*t + 5*t - 8 = 2*m. Suppose m*n - 7*n = -55. Calculate the remainder when w is divided by n.
10
Let w be 3/9 - (-37)/(-3). What is the remainder when ((-68)/w)/((-1)/(-3)) is divided by 5?
2
Let m(u) = u**3 - 7*u**2 + 7*u - 1. Let h be m(6). Suppose -h*a + 44 = 9. Calculate the remainder when a is divided by 4.
3
Let d(b) = 6*b - 1. Suppose -3*g + 4*h = 6, -4*g + 3*h = -0*g + 1. What is the remainder when 18 is divided by d(g)?
7
Let a(l) = -l + 14. Let p be a(7). Suppose p*y - 25 = 2*y. Suppose -h = -2*b + 83, -239 = -5*b + y*h - 44. What is the remainder when b is divided by 15?
14
Suppose m + 2532 = 4*m. Let g be 1/(-6) + m/24. Suppose 0 = 7*a - 2*a - g. What is the remainder when a is divided by 3?
1
Suppose -29 = -3*s + 64. Suppose 10*w - 9*w = 123. What is the remainder when w is divided by s?
30
Let q = -30 + 67. What is the remainder when q is divided by 19?
18
Let v(w) = -2*w**3 + w**3 + 2*w**3 + 4 + 7*w**2. Calculate the remainder when 2/5 - 56/(-10) is divided by v(-7).
2
Let s = 13 - 2. Suppose -4*d = -434 - 238. Suppose -d = -4*w - 0*w. What is the remainder when w is divided by s?
9
Let r = 21 - 12. Suppose 0 = -3*n - 2*v + 19, 3*n + 3*v = 8 + 13. What is the remainder when r is divided by n?
4
Let j be (-2)/(-3) + (-26)/(-6). Suppose j*x + h = -0*x + 61, -3*h + 15 = x. Let l = -6 + x. What is the remainder when 11 is divided by l?
5
Let w = -4 - -17. Let n(d) = 4*d - 8. Let x be n(7). Calculate the remainder when (12/10 - 0)*x is divided by w.
11
Let z(i) be the third derivative of i**4/8 - 2*i**3/3 + i**2. Let l = -29 + 40. Calculate the remainder when z(8) is divided by l.
9
Let s = -34 + 46. Calculate the remainder when s is divided by 8.
4
Let g be -3*(-4)/(12/15). Let y = g - -24. Calculate the remainder when y is divided by 14.
11
Suppose 4*y + 4*x + 8 = 8*y, -2*y = 3*x + 1. Let q = y + 8. Calculate the remainder when 42 is divided by q.
6
Let g = 46 - 13. What is the remainder when 96 is divided by g?
30
Suppose -58 = -c - 0*c. Calculate the remainder when c is divided by 15.
13
Let c(p) = p**3 + 7*p**2 + 6*p. Suppose 0 = -2*m - 3*m + 395. What is the remainder when m is divided by c(-5)?
19
Let h(z) = 2*z**2 + 5*z + 6. Let u be h(-4). Let k = u + -8. Calculate the remainder when 27 is divided by k.
7
Suppose 0 = r - 3*r + 6. What is the remainder when 11 is divided by r?
2
What is the remainder when 166 is divided by (-1)/((-6)/72) - 0?
10
Let x(m) = m + 5. Let a be x(-8). Let v = a + 17. Let b(l) = -l**3 + 6*l**2 + 4*l - 5. What is the remainder when b(5) is divided by v?
12
Suppose -4*t - 14 = -46. Suppose -23 = 5*w - t. Calculate the remainder when 16 is divided by w + (-1 - (-10 + -3)).
7
Suppose 3*z - 84 = 3*f, z - f + 88 = 4*z. Calculate the remainder when z is divided by 12.
5
Suppose -3*a + 2*a = -5. What is the remainder when a is divided by 5?
0
What is the remainder when ((-99)/15 - -1)*50/(-4) is divided by 8?
6
Let r = 42 - 29. Let n(k) = 2*k + 13. Let u be n(-12). Let h(y) = y + 16. Calculate the remainder when r is divided by h(u).
3
Let n be 57/11 - (-18)/(-99). Let j = n - 3. Suppose j*w - 5*w + 87 = 0. Calculate the remainder when w is divided by 10.
9
Suppose 2*k = -0*k + 6. Suppose 0 = 2*w + 3*b - 31, -8*b + 5*b + 53 = 4*w. What is the remainder when w is divided by k?
2
Suppose -367 = -4*t + 93. Suppose -4*i - 3*m = -m - 160, m = 3*i - t. Calculate the remainder when i is divided by 14.
11
Let n(c) = -c**2 + 20*c - 20. Calculate the remainder when n(14) is divided by 17.
13
Let v(j) = -3*j. Let a be v(-3). Suppose r - 1 - a = 0. Let u = 8 + -4. Calculate the remainder when r is divided by u.
2
Suppose 5*c - 5*m - 55 = 0, 5*c - 16 = -3*m + 15. Calculate the remainder when 6/(-24) + 154/c is divided by 10.
9
Let c(k) = -k**2 + 5*k + 12. Let n be c(5). Calculate the remainder when (-9)/n + (-374)/(-8) is divided by 12.
10
Let t(b) be the second derivative of b**3/6 + 13*b**2/2 + b. What is the remainder when t(9) is divided by 8?
6
What is the remainder when 4/(-18) + (-3190)/(-99) is divided by 19?
13
Let d be -3*(1 + (-7)/3). Suppose -2*j = -d*j + 18. What is the remainder when 242/15 + 28/(-210) is divided by j?
7
Suppose m = 4*b - 3 - 1, -5*b + 5 = 0. Suppose 4*l - 43 = -3*w, 3*w + 7 = l - m*l. Let x = 20 - l. Calculate the remainder when x is divided by 4.
2
Suppose -4*x + 7*x = 0. Suppose -j - j + 36 = x. What is the remainder when 69 is divided by j?
15
Let i = -6 + 6. Let b(p) = p**3 + p**2 - p + 11. Let a(d) = -d**2 - 6*d + 4. Calculate the remainder when b(i) is divided by a(-6).
3
Calculate the remainder when 5 - (-3 - 13) - (-1 + -1) is divided by 14.
9
Let b(m) = -m. Let r be b(0). Suppose -4*t + 9*t - 80 = r. Calculate the remainder when 62 is divided by t.
14
Suppose 4*b - x = -40, 5*b + 29 + 21 = 5*x. Let g = b - -69. Suppose -7*m + 2*m + 96 = -q, -3*q = -4*m + 68. Calculate the remainder when g is divided by m.
19
Let t be (-16)/(-3) - 2/6. Suppose 2*d = 2*v - t*v + 15, -33 = -3*d - v. What is the remainder when 35 is divided by d?
11
Let c(a) = -a + 4*a - a + 12 + 0. Calculate the remainder when c(6) is divided by 13.
11
Let y be (12*1 + 2)/2. Let h = -2 + y. Calculate the remainder when 13 is divided by h.
3
Let u = 19 - 8. Suppose 0 = -t + 6*w - w + 27, -5*t = 4*w + 10. Suppose 2*k + 36 = -0*n + 5*n, -3 = -t*n - 3*k. Calculate the remainder when u is